se 6*u - 10*u + 88 = b. What is the remainder when 153 is divided by u?
21
Let a(b) = -18*b - 7. Let s(c) = -19*c - 8. Let q(r) = -6*a(r) + 5*s(r). Suppose -m + 0*m + 57 = 0. What is the remainder when m is divided by q(1)?
12
Let t(d) = 12*d - 67. Let i(m) = -m + 4. What is the remainder when i(-3) is divided by t(6)?
2
Let f = 424 + -399. What is the remainder when f is divided by 14?
11
Let p be (-4)/(-3) - (-8)/12. Suppose 0 = -2*j - 2*b + 50, -p*j + b + 90 = 2*j. What is the remainder when 62 is divided by j?
16
Let o = 545 + -511. Calculate the remainder when o is divided by 22.
12
Let g = 333 - 186. What is the remainder when g is divided by 6?
3
Let p = 6 - 3. Let y(j) = j**2 - 8*j - 22. Calculate the remainder when y(11) is divided by p.
2
Let h = 593 + -289. Let a = h - 208. What is the remainder when a is divided by 14?
12
Suppose -q - 531 = -5*r + 2*q, 417 = 4*r - 5*q. Calculate the remainder when 218 is divided by r.
2
Suppose 0 = 2*w + 2*q - 198, -1 - 2 = -q. Suppose -4*u + w = -4*j - 76, 2*u - 5*j = 98. What is the remainder when (79 - 2 - 1) + -1 is divided by u?
36
Suppose 6*d + 240 = 10*d. Calculate the remainder when d is divided by 32.
28
Suppose t = 5*a - 21 - 2, 2*t = -4*a + 10. Suppose -a*i + 31 = -65. Calculate the remainder when 69 is divided by i.
21
Suppose -6*k + 5*k = -3*i - 19, -3*k = -2*i - 1. Let m(c) = -c**2 - 7*c + 12. What is the remainder when m(i) is divided by 4?
0
Suppose -2*m + 0*m = -128. Suppose 112*o - 35*o = 1001. What is the remainder when m is divided by o?
12
Let o(m) = 4*m**2 - 2*m - 1. Suppose -l + 14*l - 299 = 0. Calculate the remainder when o(5) is divided by l.
20
Let w be 4/((-8)/2)*11. Let z(a) = -8*a - 12. Let t be z(w). Let b = t - 33. Calculate the remainder when b is divided by 15.
13
Let d = -281 - -341. What is the remainder when d is divided by 26?
8
Let w be (6/4 - 1)*(15 + 15). Suppose 0 = 3*k - 15 - w. What is the remainder when 37 is divided by k?
7
Let c(k) = -98*k + 4. Calculate the remainder when c(-1) is divided by (-1 + (-10)/(-4))*10.
12
Let y = -378 - -406. Calculate the remainder when 76 is divided by y.
20
Suppose 0 = -2*p + 5 - 11. Calculate the remainder when 35 is divided by (2 - -9) + 3 + p + 3.
7
Let o = -1777 - -1810. Suppose 451 = -5*p + 1766. Calculate the remainder when p is divided by o.
32
Suppose -787 = -2*f + 827. Calculate the remainder when f is divided by 90.
87
Let l = 25 + 10. Let i(r) = 14*r**3 + 3*r - 5. Calculate the remainder when l is divided by i(1).
11
Let c be (6/9)/(1*8/12). What is the remainder when 44 is divided by (-3)/(-7) - ((-162)/14)/c?
8
Let d be 22/(1 - (-12)/(-4)). What is the remainder when 58 is divided by (-167)/d - 8/44?
13
Let f be (5 - 1) + 81 - 4. Let d(i) = -i - 5. Let b be d(-7). Calculate the remainder when 33 is divided by b/3*f/6.
6
Let g = 827 + -463. What is the remainder when g is divided by 61?
59
Suppose 0 = -y - 2*w + 1 - 31, 100 = -3*y - w. Let o = y + 37. Calculate the remainder when 12 is divided by o.
0
Let k = 8 + 8. Let n = k - 7. What is the remainder when 43 is divided by n?
7
Calculate the remainder when (29/(-4))/((-3 + -4)/28) is divided by 4.
1
Let p = -1004 - -1041. Calculate the remainder when 37 is divided by p.
0
Suppose -5*z + 14*z - 2565 = 0. Calculate the remainder when z is divided by 13.
12
What is the remainder when ((-188)/6 + -1)/((-104)/312) is divided by 13?
6
Suppose 12 = -4*k - 12. Suppose 0*m = 2*m - 6. Calculate the remainder when m is divided by ((-4)/k)/(4/6).
0
Let r(l) = -2*l**2 - 8*l - 5. Let p be r(-8). Let b be -1*2*p/(-6). Let q = 50 + b. What is the remainder when q is divided by 7?
6
Let b be 5/35 - 142/14. Let t be (-140)/(-21)*(-276)/b. Calculate the remainder when 16/12 - t/(-6) is divided by 18.
14
Suppose -441 = -2*d - 5*a, 10*a = 9*a + 3. What is the remainder when d is divided by 66?
15
Let g(u) = u**2 - 3*u - 5. Suppose 0*i + 18 = 3*i. Let p(n) = n**2 + 5*n - 15. What is the remainder when p(6) is divided by g(i)?
12
Let n(b) = b**3 + 15*b**2 - 17*b - 11. Suppose 48 + 48 = -6*l. What is the remainder when 24 is divided by n(l)?
4
Let d be ((-2)/5)/((-1128)/225 + 5). What is the remainder when 48 is divided by (-5 - (-20)/6)/((-2)/d)?
23
Suppose -4*y - 2*f = -43 - 93, 4*y + f - 134 = 0. What is the remainder when 93 is divided by y?
27
Let s = -415 - -673. Suppose s = 5*h - 52. Calculate the remainder when h is divided by 13.
10
Suppose 3*k + g - 146 = -19, 0 = 2*k - 2*g - 82. Calculate the remainder when (-41)/3*-12*1 is divided by k.
38
Let r = 921 + -900. What is the remainder when 461 is divided by r?
20
Suppose -4*c = -19 - 49. Let a(v) = -v**2. Let o(s) = -s**2 + 6*s + 5. Let l(i) = -3*a(i) - o(i). Calculate the remainder when l(5) is divided by c.
14
Let h(o) = -101*o + 1. Let d be h(2). Let a = d - -502. Calculate the remainder when 63 is divided by (-1)/(-2) - a/(-14).
19
Let d = -841 + 1017. Calculate the remainder when 543 is divided by d.
15
Let j(b) = -b**2 + 16*b - 47. Let n(k) = -k. Let i(p) = -j(p) + 3*n(p). What is the remainder when 25 is divided by i(17)?
12
Calculate the remainder when 272 is divided by ((-208)/32)/(1/(-2)).
12
Suppose -6*h + 3*h = -414. Suppose -10*o + h = -8*o. What is the remainder when o is divided by (-1)/((-4)/(-1) - (-57)/(-14))?
13
Let q(a) = 6*a + 3. Suppose -3*n = 4*k - 52, -2*n + 0*n = 4*k - 52. Suppose k*j + 40 = 17*j. What is the remainder when q(4) is divided by j?
7
Calculate the remainder when 226 is divided by 1960/60 - (-1)/3.
28
Let d = 84 + -33. Suppose 5*b + 451 = 3*m, m + 3*b - 90 = d. What is the remainder when m is divided by 10?
7
Calculate the remainder when 131 is divided by 0 + 36 + (7 - 6)*0.
23
Suppose 3*f = -0*g + g - 101, -g + 169 = -5*f. Let m = 16 - f. Calculate the remainder when m is divided by 37/3 + 4/6.
11
Suppose 17*m - 18*m = -18. Suppose -2*n = -m - 10. Suppose u - 4*f + 224 = 5*u, -3*f = -3. Calculate the remainder when u is divided by n.
13
Let l = -182 + 767. What is the remainder when l is divided by 49?
46
Let m(j) = 6*j**2 - j - 1. Let x be m(-4). Let s = -22 + x. Calculate the remainder when s is divided by 8.
5
Let f(g) = 17*g + 1. Let t be f(1). Suppose 5*r - 3 = -t. What is the remainder when 17 is divided by 7/(-3)*r - -3?
7
Let z(r) = 25*r - 71. Let i(j) = -5*j + 14. Let c(n) = -11*i(n) - 2*z(n). Let p(g) = g**3 - g + 15. What is the remainder when c(11) is divided by p(0)?
13
Let x(w) = -21*w + 9. Let g(r) = 21*r - 10. Let f(t) = 5*g(t) + 6*x(t). What is the remainder when 74 is divided by f(-1)?
24
Let x(r) = 48*r - 285. What is the remainder when 55 is divided by x(6)?
1
Let o = -17 + 33. Suppose s + 3*a - 510 = 0, 0 = -s - 2*s + 3*a + 1506. Suppose -10*x = -2*x - s. What is the remainder when x is divided by o?
15
Let v(h) = h**3 - 7*h**2 - h + 2. Let b be -2 + 7 + -4 - -2. Let c be v(b). Let u = -24 - c. What is the remainder when 23 is divided by u?
10
Let x(a) = a**2 + 8*a + 4. Let y be x(-5). Let s = 134 + y. Suppose 112 = 8*n - 32. Calculate the remainder when s is divided by n.
15
Let r(t) = t**3 - 10*t**2 - 7*t - 13. Let s be r(11). Let v = s - -5. Calculate the remainder when 71 is divided by v.
35
Let f(b) = b**2 - 10*b + 11. Let h be 2 - (1 + 3 - 11). Let d be f(h). Calculate the remainder when 26 is divided by 1/d + 65/10.
5
Let p = 2 + -6. What is the remainder when 122 is divided by p/(-12) + (-366)/(-9)?
40
Let q = 89 + -85. Let o(t) = -t + 28. What is the remainder when o(7) is divided by q?
1
Let w = -35 + 17. Let v(g) = -34*g + 1439. What is the remainder when v(41) is divided by w/(((-9)/2)/3)?
9
Suppose 9 = 3*d - 3. Suppose 7*v = 10 + 74. What is the remainder when v is divided by d?
0
Let h(x) = -x**2 - x - 1. Let i(b) = -4*b**2 - 16*b - 2. Let z(q) = -3*h(q) + i(q). Calculate the remainder when z(-7) is divided by (-123)/12*-2 + 30/20.
21
Suppose 2*q - 5*n - 2058 = -2*q, -4*q - 2*n + 2072 = 0. What is the remainder when (q/(-33))/((-1)/3) is divided by 24?
23
Let p(w) = w**3 + 8*w**2 + 3. Let y = 5 - 13. Let j be p(y). What is the remainder when 43 is divided by j + (-1)/(1/(-12))?
13
Suppose -1 + 28 = 28*w - 19*w. Let t = 2 + 1. Suppose -24 = -2*x - 4*g, -2*x + 0*x + 17 = -t*g. Calculate the remainder when x is divided by w.
1
Suppose 0 = -15*q + 21*